0539 (base 10) to base 9
18038645
Convert -2a269 (base 15) to base 4.
-201011331
What is 13a79a (base 12) in base 8?
1203346
45214115 (base 6) to base 7
14436311
Convert -51a5a (base 13) to base 16.
-23d4f
Convert -43302 (base 6) to base 10.
-5942
-1355220 (base 6) to base 13
-29445
Convert -110101000000110101001111 (base 2) to base 5.
-12024201124
-42031011 (base 5) to base 6
-11224420
Convert -120100 (base 3) to base 12.
-2a6
3238a7 (base 12) to base 15
10a5c1
1868005 (base 9) to base 2
100000000000111001100
What is -211327 (base 11) in base 3?
-122012021210
-5453221 (base 9) to base 3
-12111210020201
What is -41034010 (base 5) in base 16?
-50b09
-112033020 (base 4) to base 2
-10110001111001000
What is -110010110000100 (base 2) in base 12?
-13058
-470915 (base 10) to base 7
-4000634
-186798 (base 10) to base 14
-4c10a
-647643 (base 8) to base 6
-4352335
What is -6232572 (base 8) in base 2?
-110010011010101111010
Convert 1453039 (base 13) to base 5.
3123231200
-8488ac (base 13) to base 16
-2f5baa
Convert 165450 (base 11) to base 4.
332201123
What is -12c438 (base 13) in base 3?
-212010211110
What is -13034032 (base 5) in base 9?
-213666
4165440 (base 7) to base 10
503748
15505655 (base 7) to base 10
1497872
Convert -257243 (base 15) to base 11.
-101740a
Convert -3a1329 (base 11) to base 8.
-2320770
What is -680867 (base 10) in base 13?
-1aaba5
What is -101001010011110010 (base 2) in base 14?
-4593c
Convert -a6b03 (base 12) to base 15.
-44eb0
-d93edd (base 16) to base 8
-66237335
Convert -1754b (base 12) to base 2.
-1000001101001011
-255401 (base 12) to base 3
-1011000112101
What is 3445304 (base 7) in base 12?
189965
Convert -111100001001010101101 (base 2) to base 7.
-22515644
What is 205274 (base 11) in base 6?
11015304
-14774 (base 16) to base 10
-83828
-2316122 (base 10) to base 8
-10653532
131064 (base 9) to base 16
1369f
-110000110010011010000 (base 2) to base 9
-3005862
221121100100 (base 3) to base 15
9e4e6
13242031 (base 8) to base 7
34133562
What is -37604 (base 16) in base 12?
-ab318
Convert -9b536 (base 13) to base 9.
-468871
Convert 4727c1 (base 15) to base 10.
3400381
-78255 (base 12) to base 5
-20044304
What is -402340 (base 9) in base 11?
-152843
What is -12650233 (base 8) in base 5?
-1211314213
What is 1001011001100101 (base 2) in base 11?
26a21
Convert -497d00 (base 15) to base 9.
-6554070
Convert 235a62 (base 14) to base 8.
4464606
Convert -103010012002 (base 4) to base 6.
-255040334
Convert 244313 (base 10) to base 12.
b9475
Convert -1210024032 (base 5) to base 12.
-b38763
-34542263 (base 7) to base 11
-1793841
What is -14140041 (base 5) in base 15?
-2d516
What is 1331210 (base 6) in base 13?
279b1
What is -2a5c0 (base 14) in base 11?
-72227
Convert 20aa6 (base 11) to base 16.
7790
-151245 (base 8) to base 10
-53925
Convert 687333 (base 11) to base 13.
2c3746
What is -82581 (base 10) in base 6?
-1434153
What is -3344434042 (base 5) in base 13?
-16cab16
What is -1113201213 (base 4) in base 5?
-42433003
Convert -4731b (base 15) to base 5.
-24224301
What is -12650226 (base 7) in base 2?
-100011110000101011110
Convert -33302010 (base 5) to base 8.
-1070100
-263155 (base 8) to base 3
-11122212102
What is 7baab (base 12) in base 16?
28763
What is 1241462 (base 8) in base 2?
1010100001100110010
1466631 (base 8) to base 12
183961
What is 103010011200 (base 4) in base 14?
941344
12232133 (base 4) to base 5
1340201
Convert -10111010100000010000110 (base 2) to base 16.
-5d4086
ae26 (base 15) to base 16
9048
What is -133022300101 (base 4) in base 7?
-126306511
Convert -434a0 (base 11) to base 5.
-4010101
Convert 386736 (base 9) to base 13.
82a2b
What is 404350 (base 6) in base 2?
111110101101010
Convert 6750420 (base 9) to base 2.
1101110111011111000000
Convert 2812885 (base 9) to base 8.
5707522
Convert -221102001120 (base 3) to base 15.
-9d2c6
Convert -1000010011111110110101110 (base 2) to base 13.
-37c45a9
-35497 (base 11) to base 16
-c7e0
What is 201223021 (base 4) in base 11?
946a0
What is 6220235 (base 7) in base 13?
200ac2
What is -1cb6a (base 14) in base 4?
-101331322
What is 2450403 (base 7) in base 13?
b0340
What is 385335 (base 9) in base 15?
49305
Convert 22032413 (base 6) to base 11.
40a120
Convert -2002010101 (base 3) to base 12.
-1b817
What is dec3e (base 16) in base 4?
3132300332
-86732 (base 9) to base 3
-2220211002
What is -161875 (base 9) in base 5?
-11143420
11011202212 (base 3) to base 15
1955b
What is -120000110 (base 3) in base 5?
-322242
396ec (base 15) to base 7
1363632
What is 17a673 (base 12) in base 6?
12500223
111100010011111 (base 2) to base 15
9239
6141162 (base 7) to base 12
2b4059
What is 12614252 (base 7) in base 16?
11c147
211002120 (base 3) to base 8
37353
What is 41005411 (base 6) in base 11?
728293
What is 9f9cf1 (base 16) in base 15?
db95a1
-1201110221110 (base 3) to base 10
-914853
What is -356040 (base 7) in base 6?
-1214400
What is -9546d3 (base 14) in base 10?
-5044833
Convert -911ce4 (base 16) to base 15.
-c7cc2b
Convert 15638167 (base 9) to base 12.
2751651
-601702 (base 8) to base 16
-303c2
Convert -224148 (base 9) to base 3.
-20211011122
What is -22b19 (base 13) in base 11?
-436a4
Convert -27028 (base 14) to base 13.
-34966
Convert -d82e6 (base 15) to base 12.
-290a53
Convert -18a3525 (base 12) to base 15.
-6c7b58
What is 26a9062 (base 11) in base 15?
623125
What is 3336634 (base 10) in base 8?
14564672
Convert 100211112 (base 4) to base 14.
1aa7c
-100100000101010000 (base 2) to base 14
-3bc08
What is -1203123 (base 4) in base 10?
-6363
Convert -102130323 (base 4) to base 12.
-378a3
What is da387 (base 14) in base 2?
10000000110011000011
Convert 2a889 (base 11) to base 5.
2344112
What is -808652 (base 12) in base 9?
-3685808
Convert -23d77a (base 16) to base 4.
-20331131322
Convert 42611205 (base 7) to base 6.
205512103
Convert 244811 (base 13) to base 11.
542418
Convert 2311601 (base 7) to base 6.
10104502
What is 12010220012110 (base 3) in base 6?
134332533
What is 20034103 (base 5) in base 7?
1230355
What is 45045 (base 16) in base 8?
1050105
What is -936723 (base 10) in base 8?
-3445423
Convert 24157107 (base 8) to base 6.
305332011
13431405 (base 6) to base 12
19b565
445728 (base 9) to base 13
944c9
What is -111001101110111111001 (base 2) in base 4?
-13031313321
Convert 6495967 (base 10) to base 7.
106133452
What is 10011121101222 (base 3) in base 15?
2343e5
2862673 (base 10) to base 9
5342757
What is 2af258 (base 16) in base 2?
1010101111001001011000
310661 (base 8) to base 15
20708
What is -14a3b7 (base 13) in base 15?
-a0879
Convert 28acc1 (base 15) to base 5.
1000213011
What is 101100100111111110101 (base 2) in base 9?
2667754
Convert -84b (base 12) to base 14.
-627
Convert -2305017 (base 11) to base 15.
-549e33
Convert 5045123 (base 8) to base 13.
377343
What is 2211430 (base 5) in base 8?
112735
Convert 102201011222020 (base 3) to base 14.
b80044
What is 10627022 (base 8) in base 3?
11100010121220
Convert -16757107 (base 8) to base 6.
-220032251
-320346 (base 10) to base 6
-10511030
Convert 1304918 (base 10) to base 4.
10332211112
Convert -1143142 (base 6) to base 12.
-2aab2
-181c1d (base 16) to base 6
-53511033
-210210002201 (base 3) to base 15
-8706a
What is -35995 (base 16) in base 11?
-13aa43
25db01 (base 14) to base 7
14045201
Convert -1100001010100011011 (base 2) to base 9.
-666720
Convert -325334253 (base 6) to base 16.
-596b59
What is -153617 (base 8) in base 2?
-1101011110001111
-1472426 (base 12) to base 10
-4130526
-37015 (base 11) to base 13
-1b318
Convert -23321153 (base 8) to base 12.
-1854437
228a01 (base 12) to base 10
554401
What is -200002000220 (base 3) in base 14?
-93928
182747 (base 15) to base 16
11e51f
-37a46 (base 13) to base 7
-605511
ca3c2a (base 14) to base 6
402442450
What is 12bc3 (base 13) in base 8?
104235
What is -212124343 (base 5) in base 9?
-1614468
What is 10111001110110010 (base 2) in base 16?
173b2
Convert 33310143 (base 7) to base 13.
799377
26604414 (base 7) to base 11
1427863
7ab4 (base 12) to base 7
54601
What is -101221222000202 (base 3) in base 2?
-10110001110001110110011
What is -100111100100100 (base 2) in base 9?
-30711
-123223311 (base 4) to base 7
-651414
Convert 101402411 (base 5) to base 2.
1100110010100100010
What is -3035